What is l(g)?
7
Let v(o) = -o**3 - 6*o**2 - 5*o + 1. Suppose -10*f - 33 - 17 = 0. Give v(f).
1
Let k(l) be the third derivative of l**7/5040 + 17*l**6/720 + l**5/60 + 3*l**2. Let h(a) be the third derivative of k(a). Calculate h(0).
17
Let g(c) = -3*c**3 + 7*c**2 + c + 8. Let l be (0/4 - -1) + 2. Let r(b) = 2*b**3 - 6*b**2 - 2*b - 7. Let s(p) = l*g(p) + 4*r(p). Calculate s(-3).
11
Let l(r) be the third derivative of -r**4/24 - r**2. Let i be (-511)/(-84) + (-7)/84 - 6. Give l(i).
0
Let b = 63 - 61. Let u(i) = 2 + 5*i - 4*i - i**2 - 3*i**3 - b*i. What is u(-2)?
24
Let f = -29 - 12. Let v = 37 + f. Let m(w) = w**3 + 3*w**2 - 7*w - 5. What is m(v)?
7
Let h(r) be the first derivative of -r**2 - 19*r + 127. Calculate h(-8).
-3
Let y = 40 + -20. Suppose 5*s - 25 = 0, -2*u - 4*s + 10 = -y. Let c(l) = -l**2 + 6*l + 1. Calculate c(u).
6
Let u(q) = 3*q - 20. Let w(k) = -2*k + 12. Let t(f) = 3*u(f) + 5*w(f). Calculate t(1).
-1
Suppose 0*l = 2*l - 4. Let u(y) be the third derivative of -y**5/30 - y**4/8 + y**3/2 + y**2 - 488. What is u(l)?
-11
Let w(a) = -a + 45 + a**2 - 42 - 4*a + 2*a. Suppose 30*o = 25*o + 10. Determine w(o).
1
Suppose -4*h = -5*q + 3, -q = 6*h - h - 18. Let k = -4 + h. Let m(f) = 8*f - 1. Calculate m(k).
-9
Suppose 5*w - 4*l + 30 = 0, 3*w = w - 4*l - 12. Let m = 12 + w. Suppose -3*g = -0 + m. Let x(p) = 4*p**2 + 2*p + 3. Calculate x(g).
15
Let l = 168 - 162. Suppose 4*g + 7*f = l*f + 10, -4*f = -2*g - 4. Let c(p) = -p**3 + 3*p**2 + 2*p - 2. Give c(g).
6
Let q be (-3)/(-2)*(-4 + 6). Suppose 5 = -2*r + 5*y + 2, 5*r - 2*y - q = 0. Let s(h) = 4*h**3 - 3 - 5*h + 3 - 1 + 7*h. What is s(r)?
5
Suppose 0*o - 4*o + 44 = 3*p, -o + 4*p - 8 = 0. Suppose -13 = -4*d + g, -2*d = -5*g - 1 + 8. Let c = o - d. Let i(u) = u**3 - 3*u**2 - 3*u + 1. Give i(c).
5
Suppose -2*p + 2 = -w, 4*w - 23 = -2*p + 9. Let r(u) = u**2 - 8*u + 2. What is r(w)?
-10
Let t(l) = 7*l**2 + 3 - 8*l**2 - 4 - 10*l**2 + 2*l + 2*l**2. What is t(3)?
-76
Let u(i) = 5 - 14*i - 16 + i**2 - 1 + 0*i. Give u(15).
3
Let f(p) = -p**3 + 12*p**2 + 3*p - 40. Let i(c) = c**2 - 18*c + 29. Let v be i(17). Give f(v).
-4
Let m(x) = x**2 - 17*x + 4. Let f be m(17). Let a(n) = f*n - 5 - 3*n + 7. Determine a(-3).
-1
Let z(k) = 11*k**2 + 0*k**2 + 3 - 3*k**2 + 8*k**3 - 7*k**3 - 5*k. Determine z(-8).
43
Let k(h) = -h**2 - 9*h - 7. Suppose 4*m - 2*t = -6, -2 = 5*m - t + 1. Let a be ((-4)/(-4))/((-8)/12 - -1). Suppose a*p - 7*p - 32 = m. Determine k(p).
1
Let d(h) = h**2 - 4. Let v(f) = f - 13. Let b be v(15). Let j(c) = -c**2 + 2*c. Let l be j(b). What is d(l)?
-4
Let u(a) = a**3 - 7*a**2 - 7*a - 3. Suppose -69 + 245 = 22*r. What is u(r)?
5
Let s(k) be the first derivative of -2*k**3 + 5*k - 1/4*k**4 - 22 + 1/2*k**2. Determine s(-6).
-1
Suppose -3*k + p = -6 - 1, -3*p = -3*k + 3. Let d(u) = 3*u**2 - 4*u - u**k - 2*u + 3 + 4*u**2. Suppose -4*i + 14 = -10. Give d(i).
3
Let a(s) = -s**2 + 3*s - 2. Let g = 13 + -11. Suppose g*n - 6 = -3*n - 4*t, 2*n - t - 5 = 0. Suppose n - 17 = -5*z. Calculate a(z).
-2
Suppose m = -g - 0*m + 13, 5*m + 40 = 2*g. Let u(i) = -27 + g + 6*i + 12. Determine u(1).
6
Suppose -2*l = 5*x - 69, -2*x + 82*l - 85*l + 21 = 0. Let h(m) = -m**3 + 14*m**2 + 15*m + 12. Give h(x).
12
Let t(c) = c**3 + c. Let p(s) = 5*s**3 + 2*s**2 + 2*s + 1. Suppose -10*a + 6*a = 16. Let u(y) = a*t(y) + p(y). Calculate u(-3).
-2
Suppose 8 = -4*p - 48. Let o(x) = 2*x + 23. Let i be o(p). Let s(u) = u**2 + 5*u + 4. Give s(i).
4
Let r = 193 - 191. Let v = 1 - 0. Let g(x) = -1 + 5 - v - x**r - x - 2. Calculate g(-2).
-1
Let l(p) = -7 - p**3 + 1 + 0*p**3. Suppose 58*m - 60*m - 5*j - 40 = 0, -5*m - 2*j = 16. Give l(m).
-6
Let g(c) = c + 5. Let p(v) be the second derivative of v**2 + 13*v. Let i(y) = 2*g(y) - 5*p(y). What is i(6)?
12
Suppose -2*q = 3*c + 10 + 10, c = -4. Let z(p) = -p + 1. Let w(v) = -v. Let f(s) = q*z(s) + 3*w(s). Determine f(4).
0
Let y(u) = 35*u**3 - 7*u**2 + 11*u + 9. Let q(m) = 18*m**3 - 4*m**2 + 6*m + 5. Let z(i) = 11*q(i) - 6*y(i). What is z(-1)?
11
Let l(k) = -2*k**2 + 4*k + 3. Let x be l(2). Let w be (-1)/x*(-27 - -39). Let u(y) = 7*y + 2. Let j(c) = c. Let o(g) = -6*j(g) + u(g). Determine o(w).
-2
Let n(j) = -j**2 - j + 2. Let y(b) = 2*b**3 - 7*b**2 + 6. Let i(f) = 3*n(f) - y(f). Give i(2).
-6
Let b(j) = -j**2 - 4*j - 3. Suppose 7*f - 11*f = -20. Suppose -f*m - 16 = 3*d, -5*m - 4 = 21. Suppose -v = -1 + d. Determine b(v).
1
Let m(w) = 1 - 3 - 37*w - 34*w + 73*w. Calculate m(3).
4
Let x = 12/91 - 53/1092. Let y(u) be the second derivative of -x*u**4 + 0*u**2 + 0 - 1/2*u**3 - u. Calculate y(-3).
0
Let y(l) be the third derivative of l**4/8 + 3*l**3/2 + 3*l**2. Let k = 11 + -22. Let i = -17 - k. Give y(i).
-9
Let u(f) = -f**2 + 9*f + 266. Let q be u(21). Let c(h) = h**3 - 15*h**2 + 14*h - 14. Determine c(q).
-14
Let m(r) be the second derivative of -r**5/20 + 13*r**4/12 - 11*r**3/6 - r**2 + 7*r - 1. What is m(12)?
10
Let n(j) = j**3 + 5*j**2 + 6*j. Let g = -10 + 25. Let b = g - 12. Let c be ((-10)/(-25))/(b/(-30)). Calculate n(c).
-8
Let y(u) = -5*u**2 + 9*u - 13. Let j(r) = -r**2 + 2*r - 3. Suppose -7*h = -2*h + 115. Let x = 32 + h. Let t(z) = x*j(z) - 2*y(z). Determine t(0).
-1
Let u(l) be the first derivative of -2*l**2 + 3*l - 5 - 1/6*l**3. Let t(h) be the first derivative of u(h). Determine t(6).
-10
Let w(d) be the first derivative of -7*d**2/2 - 3*d + 18. What is w(3)?
-24
Let v(n) = 3*n + 3. Suppose -5*g - o = -2*g + 17, -3*o = 15. Calculate v(g).
-9
Suppose -2*u + 12 + 10 = -5*b, 2*u - 22 = -4*b. Let y(t) = u - 3 - 2*t - 5. Give y(-3).
9
Suppose -2*l = -5*l. Let t(y) = -5*y**2 + 2*y - 76. Let p(q) = -3*q**2 + q - 44. Let z(g) = 7*p(g) - 4*t(g). Calculate z(l).
-4
Let n be 4 + 1/((-2)/(-1) - 3). Suppose -7*t + 3*t = n*t. Let i(h) = -h**3 + h**2 - 14. Determine i(t).
-14
Let g = 43 + -41. Suppose -g*p + 27 - 21 = 0. Let t(z) = 3*z - 4. Calculate t(p).
5
Let r(s) = -3*s - 8*s + 31 + 3*s + 0*s - s**2 - 2*s. Give r(-13).
-8
Let s be (-2)/(-5) + (-26)/(-10). Let d(c) be the first derivative of -c**4/4 + 2*c**3/3 + c**2 + 3*c - 315. Calculate d(s).
0
Let q(z) = 20*z**2 - 37*z**2 + 16*z**2 + 10*z. Give q(9).
9
Let j be (-25)/(-5)*6/15. Let i(l) = -520 - 8*l - l**j + 4*l**2 + 525 - 2*l**2. Calculate i(4).
-11
Let z(v) = -v**2 + 14*v + 1. Let f be ((-30)/(-4))/((11 + -15)/(-8)). What is z(f)?
-14
Let h(b) be the first derivative of b**2 + 7*b + 78. What is h(-5)?
-3
Let q(a) be the third derivative of a**5/60 - a**4/24 - 2*a**3/3 - a**2. Calculate q(3).
2
Let v(i) = 10*i + 5. Let f be v(-1). Let n(s) = 2*s**3 + 8*s**2 + s - 6. Let a(m) = m**3 + 4*m**2 - 3. Let j(g) = f*a(g) + 2*n(g). What is j(-4)?
-5
Let o(k) = -k - 7. Let n = -50 + 67. Suppose 68 = -5*v - 3*d + 17, 3*v - 5*d = -n. Give o(v).
2
Suppose -2*f = -4*g - 16, g - 3*g + 4 = 5*f. Let r(c) = 5*c - 3*c + 10 + c**f + 7*c. Give r(-7).
-4
Let w(c) = 4 + 3*c + c**2 - 2*c + 0*c. Suppose 0 = -2*h + o + 8, -5*h + 2*o + 5 = -14. Let z be 3/(-1) + 9/h. Calculate w(z).
4
Suppose -155*z + 154*z = 5. Let n(k) = -k**3 - 5*k**2 + 1. What is n(z)?
1
Let y(c) = -c**3 + 5*c**2 - 4*c + 6. Let p = 26 + -43. Let t = p + 14. Let l be (-2)/(1*t/6). What is y(l)?
6
Let b(p) = p + 6*p - 6*p + 1. Let c(m) = -4*m**2 + m - 1. Let w be c(2). Let h be 3/(-5) - 9/w. What is b(h)?
1
Let l be 6 - (2 + -4 + (-12)/(-4)). Let m(k) = -5 + l - 2 - 6*k - k. What is m(-2)?
12
Let j(h) be the first derivative of -4*h**2 + 10*h - 277. What is j(2)?
-6
Let f = 180 - 186. Let j(r) = -r**2 - 7*r - 7. Determine j(f).
-1
Let s(y) = 3*y**2 + 4*y + 2. Let v(c) = 2*c + 18. Let h be v(-10). Give s(h).
6
Let r(u) = -5*u**2 + 0 + u**3 + 4 + 1. Suppose 3*c = -o + 647, -3*o + 6 = -0*o. Let y be c/45 + (-2)/(-9). Give r(y).
5
Let h(n) = -7*n**2 - 2*n + 7. Let x(z) = -8*z**2 - 3*z + 9. Let v(p) = -5*h(p) + 4*x(p). Calculate v(1).
2
Let m(z) be the first derivative of 0*z**2 + 15 - 2*z - 1/3*z**3. Calculate m(4).
-18
Let h(o) = -o**3 - 6*o**2 - 7*o - 2. Let d be h(-5). Let w(k) = -4 + 3*k**3 - d*k - 1 + 4 - 2*k**3 - 5*k**2. Let x be (0/3 - -1)*6. Determine w(x).
-13
Let w(j) be the first derivative of -j**2/2 + 12*j + 287. Determine w(13).
-1
Let g(m) = m**2 - 6*m + 7. Let u be g(6). Suppose -u - 3 = 2*b. Let s(y) be the third derivative of -y**6/120 - y**5/10 - 7*y**4/24 - y**3 + 5*y**2. 